{"id":4496,"date":"2018-05-14T11:40:07","date_gmt":"2018-05-14T10:40:07","guid":{"rendered":"https:\/\/sanden.wpengine.com\/about-sanden\/corporate-social-responsibility\/"},"modified":"2019-07-24T13:24:37","modified_gmt":"2019-07-24T12:24:37","slug":"corporate-social-responsibility","status":"publish","type":"page","link":"https:\/\/sandenaftermarket.com\/fr\/about-sanden\/corporate-social-responsibility\/","title":{"rendered":"Responsabilit\u00e9 sociale des entreprises"},"content":{"rendered":"","protected":false},"excerpt":{"rendered":"","protected":false},"author":3,"featured_media":0,"parent":1317,"menu_order":0,"comment_status":"closed","ping_status":"closed","template":"php\/content-blocks.php","meta":{"_acf_changed":false,"footnotes":""},"class_list":["post-4496","page","type-page","status-publish","hentry"],"acf":{"hero_image":1369,"section_title":"","section_body":"<p>1990 &#8211; \u00a0 Launch of Fluoron Countermeasures Committee.<\/p>\n<p>EPA Prize for contribution to protecting the ozone layer.<\/p>\n<p>Obtained ISO-14001 certifications for all manufacturing facilities and office facilities.<\/p>\n<p>1995 &#8211; \u00a0 Ozone layer protection award from the Nikkan Kogyo Shimbun Ltd.<\/p>\n<p>Institution of the Sanden Environmental Charter.<\/p>\n<p>2000 &#8211;\u00a0 Zero emissions achieved at all manufacturing plants.<\/p>\n<p>Sanden Forest \/ Akagi Plant begins operating as a symbol of environment consciousness<\/p>\n<p>2005 &#8211;\u00a0 Implementation of environmental activity level evaluations.<\/p>\n<p>Highest ranking for environmental ratings presented by the Development Bank of Japan.<\/p>\n<p>2010 &#8211; \u00a0 Recognised by SEGES as one of the top 100 green companies regarding promotion of plant biodiversity (Sanden Forest).<\/p>\n<p>Eco-Technology Award for Sanden Manufacturing Europe.<\/p>\n<p>2017 &#8211;\u00a0 Sanden exhibition at Eco Products 2014.<\/p>\n<p>Awarded Special Grand Prize for Eco-Design.<\/p>\n","section_strapline":"","section_intro":"Sanden prend au s\u00e9rieux sa responsabilit\u00e9 environnementale et sociale, et s\u2019engage \u00e0 promouvoir des activit\u00e9s respectueuses de l\u2019environnement aupr\u00e8s de tous ses employ\u00e9s partout dans le monde.","content_blocks":[{"acf_fc_layout":"file_download","file":"https:\/\/sandenaftermarket.com\/wp-content\/uploads\/2019\/05\/2017_CSR_report-1.pdf","file_download_button_label":"T\u00e9l\u00e9chargez le rapport"},{"acf_fc_layout":"full_width_image","image":false},{"acf_fc_layout":"left_image","image":{"ID":18120,"id":18120,"title":"Success deserves to be celebrated","filename":"iStock-883643918-with-reflection.jpg","filesize":344082,"url":"https:\/\/sandenaftermarket.com\/wp-content\/uploads\/2019\/07\/iStock-883643918-with-reflection.jpg","link":"https:\/\/sandenaftermarket.com\/fr\/about-sanden\/corporate-social-responsibility\/attachment\/success-deserves-to-be-celebrated-2-2\/","alt":"","author":"6","description":"","caption":"Portrait of a group of businesspeople celebrating their success in an office","name":"success-deserves-to-be-celebrated-2-2","status":"inherit","uploaded_to":4496,"date":"2019-07-15 09:14:20","modified":"2019-07-24 12:24:34","menu_order":0,"mime_type":"image\/jpeg","type":"image","subtype":"jpeg","icon":"https:\/\/sandenaftermarket.com\/wp-includes\/images\/media\/default.png","width":972,"height":700,"sizes":{"thumbnail":"https:\/\/sandenaftermarket.com\/wp-content\/uploads\/2019\/07\/iStock-883643918-with-reflection-150x150.jpg","thumbnail-width":150,"thumbnail-height":150,"medium":"https:\/\/sandenaftermarket.com\/wp-content\/uploads\/2019\/07\/iStock-883643918-with-reflection-300x216.jpg","medium-width":300,"medium-height":216,"medium_large":"https:\/\/sandenaftermarket.com\/wp-content\/uploads\/2019\/07\/iStock-883643918-with-reflection-768x553.jpg","medium_large-width":768,"medium_large-height":553,"large":"https:\/\/sandenaftermarket.com\/wp-content\/uploads\/2019\/07\/iStock-883643918-with-reflection.jpg","large-width":972,"large-height":700,"1536x1536":"https:\/\/sandenaftermarket.com\/wp-content\/uploads\/2019\/07\/iStock-883643918-with-reflection.jpg","1536x1536-width":972,"1536x1536-height":700,"2048x2048":"https:\/\/sandenaftermarket.com\/wp-content\/uploads\/2019\/07\/iStock-883643918-with-reflection.jpg","2048x2048-width":972,"2048x2048-height":700}},"text":"<p><strong>Notre esprit fondateur<\/strong><\/p>\n<p>S&rsquo;appuyant sur son adage fondateur &lsquo;D\u00e9veloppons-nous avec sagesse et prosp\u00e9rons dans l&rsquo;harmonie&rsquo;, Sanden Group poursuit ses efforts pour promouvoir une soci\u00e9t\u00e9 plus durable et a fait de&rsquo;l&rsquo;homme&rsquo; et de&rsquo;l&rsquo;environnement&rsquo; les domaines prioritaires de la RSE \u00e0 viser.<\/p>\n<p><strong>Personne<\/strong> Sanden Group a veill\u00e9 \u00e0 ce que les travailleurs b\u00e9n\u00e9ficient de cong\u00e9s, d&rsquo;horaires de travail journaliers r\u00e9duits, d&rsquo;horaires flexibles et d&rsquo;heures suppl\u00e9mentaires r\u00e9duites afin de promouvoir un meilleur \u00e9quilibre entre vie professionnelle et vie priv\u00e9e.<\/p>\n<p><strong>L&rsquo;environnement<\/strong> Le groupe Sanden d\u00e9veloppe quatre strat\u00e9gies \u00e9cologiques : Technologies \u00e9cologiques, gestion \u00e9cologique, processus \u00e9cologiques et communication \u00e9cologique. Le groupe Sanden consid\u00e8re la pr\u00e9servation de l&rsquo;environnement mondial comme la responsabilit\u00e9 la plus importante et la plus partag\u00e9e des personnes dans le monde entier. Conform\u00e9ment \u00e0 la Charte environnementale de Sanden, Sanden d\u00e9veloppe des initiatives commerciales qui s&rsquo;harmonisent avec les activit\u00e9s de protection de l&rsquo;environnement dans tous les domaines de sa structure d&rsquo;entreprise.<\/p>\n"},{"acf_fc_layout":"right_image","image":{"ID":18128,"id":18128,"title":"1000 x 700 graphic 1 with reflection","filename":"1000-x-700-graphic-1-with-reflection.jpg","filesize":393215,"url":"https:\/\/sandenaftermarket.com\/wp-content\/uploads\/2019\/07\/1000-x-700-graphic-1-with-reflection.jpg","link":"https:\/\/sandenaftermarket.com\/fr\/about-sanden\/corporate-social-responsibility\/attachment\/1000-x-700-graphic-1-with-reflection-2\/","alt":"","author":"6","description":"","caption":"","name":"1000-x-700-graphic-1-with-reflection-2","status":"inherit","uploaded_to":4496,"date":"2019-07-15 09:14:27","modified":"2019-07-24 12:24:34","menu_order":0,"mime_type":"image\/jpeg","type":"image","subtype":"jpeg","icon":"https:\/\/sandenaftermarket.com\/wp-includes\/images\/media\/default.png","width":1118,"height":700,"sizes":{"thumbnail":"https:\/\/sandenaftermarket.com\/wp-content\/uploads\/2019\/07\/1000-x-700-graphic-1-with-reflection-150x150.jpg","thumbnail-width":150,"thumbnail-height":150,"medium":"https:\/\/sandenaftermarket.com\/wp-content\/uploads\/2019\/07\/1000-x-700-graphic-1-with-reflection-300x188.jpg","medium-width":300,"medium-height":188,"medium_large":"https:\/\/sandenaftermarket.com\/wp-content\/uploads\/2019\/07\/1000-x-700-graphic-1-with-reflection-768x481.jpg","medium_large-width":768,"medium_large-height":481,"large":"https:\/\/sandenaftermarket.com\/wp-content\/uploads\/2019\/07\/1000-x-700-graphic-1-with-reflection-1024x641.jpg","large-width":1024,"large-height":641,"1536x1536":"https:\/\/sandenaftermarket.com\/wp-content\/uploads\/2019\/07\/1000-x-700-graphic-1-with-reflection.jpg","1536x1536-width":1118,"1536x1536-height":700,"2048x2048":"https:\/\/sandenaftermarket.com\/wp-content\/uploads\/2019\/07\/1000-x-700-graphic-1-with-reflection.jpg","2048x2048-width":1118,"2048x2048-height":700}},"text":"<p><strong>75\u00e8me Anniversaire<\/strong><\/p>\n<p>Sanden a f\u00eat\u00e9 ses 75 ans d&rsquo;activit\u00e9 en 2018 et envisage avec enthousiasme les 75 ann\u00e9es \u00e0 venir.<\/p>\n<p><strong>Une alliance strat\u00e9gique<\/strong> Aujourd&rsquo;hui, le march\u00e9 des pi\u00e8ces d\u00e9tach\u00e9es de Sanden s&rsquo;est r\u00e9cemment renforc\u00e9 gr\u00e2ce \u00e0 une alliance avec un concurrent et fabricant de compresseurs Unicla, dans le cadre d&rsquo;une campagne innovante visant \u00e0 fournir des compresseurs de plus grande capacit\u00e9 pour les transports publics, la r\u00e9frig\u00e9ration, la marine, l&rsquo;agriculture et les industries mini\u00e8re.<\/p>\n"}]},"yoast_head":"<!-- This site is optimized with the Yoast SEO plugin v27.5 - https:\/\/yoast.com\/product\/yoast-seo-wordpress\/ -->\n<title>Sanden - Responsabilit\u00e9 sociale des entreprises<\/title>\n<meta name=\"robots\" content=\"index, follow, max-snippet:-1, max-image-preview:large, max-video-preview:-1\" \/>\n<link rel=\"canonical\" href=\"https:\/\/sandenaftermarket.com\/fr\/about-sanden\/corporate-social-responsibility\/\" \/>\n<meta property=\"og:locale\" content=\"fr_FR\" \/>\n<meta property=\"og:type\" content=\"article\" \/>\n<meta property=\"og:title\" content=\"Sanden - Responsabilit\u00e9 sociale des entreprises\" \/>\n<meta property=\"og:url\" content=\"https:\/\/sandenaftermarket.com\/fr\/about-sanden\/corporate-social-responsibility\/\" \/>\n<meta property=\"og:site_name\" content=\"Sanden\" \/>\n<meta property=\"article:modified_time\" content=\"2019-07-24T12:24:37+00:00\" \/>\n<meta name=\"twitter:card\" content=\"summary_large_image\" \/>\n<!-- \/ Yoast SEO plugin. -->","yoast_head_json":{"title":"Sanden - Responsabilit\u00e9 sociale des entreprises","robots":{"index":"index","follow":"follow","max-snippet":"max-snippet:-1","max-image-preview":"max-image-preview:large","max-video-preview":"max-video-preview:-1"},"canonical":"https:\/\/sandenaftermarket.com\/fr\/about-sanden\/corporate-social-responsibility\/","og_locale":"fr_FR","og_type":"article","og_title":"Sanden - Responsabilit\u00e9 sociale des entreprises","og_url":"https:\/\/sandenaftermarket.com\/fr\/about-sanden\/corporate-social-responsibility\/","og_site_name":"Sanden","article_modified_time":"2019-07-24T12:24:37+00:00","twitter_card":"summary_large_image","schema":{"@context":"https:\/\/schema.org","@graph":[{"@type":"WebPage","@id":"https:\/\/sandenaftermarket.com\/fr\/about-sanden\/corporate-social-responsibility\/","url":"https:\/\/sandenaftermarket.com\/fr\/about-sanden\/corporate-social-responsibility\/","name":"Sanden - Responsabilit\u00e9 sociale des entreprises","isPartOf":{"@id":"https:\/\/sandenaftermarket.com\/#website"},"datePublished":"2018-05-14T10:40:07+00:00","dateModified":"2019-07-24T12:24:37+00:00","breadcrumb":{"@id":"https:\/\/sandenaftermarket.com\/fr\/about-sanden\/corporate-social-responsibility\/#breadcrumb"},"inLanguage":"fr-FR","potentialAction":[{"@type":"ReadAction","target":["https:\/\/sandenaftermarket.com\/fr\/about-sanden\/corporate-social-responsibility\/"]}]},{"@type":"BreadcrumbList","@id":"https:\/\/sandenaftermarket.com\/fr\/about-sanden\/corporate-social-responsibility\/#breadcrumb","itemListElement":[{"@type":"ListItem","position":1,"name":"Home","item":"https:\/\/sandenaftermarket.com\/fr\/"},{"@type":"ListItem","position":2,"name":"\u00c0 propos de Sanden","item":"https:\/\/sandenaftermarket.com\/fr\/about-sanden\/"},{"@type":"ListItem","position":3,"name":"Responsabilit\u00e9 sociale des entreprises"}]},{"@type":"WebSite","@id":"https:\/\/sandenaftermarket.com\/#website","url":"https:\/\/sandenaftermarket.com\/","name":"Sanden","description":"","potentialAction":[{"@type":"SearchAction","target":{"@type":"EntryPoint","urlTemplate":"https:\/\/sandenaftermarket.com\/?s={search_term_string}"},"query-input":{"@type":"PropertyValueSpecification","valueRequired":true,"valueName":"search_term_string"}}],"inLanguage":"fr-FR"}]}},"_links":{"self":[{"href":"https:\/\/sandenaftermarket.com\/fr\/wp-json\/wp\/v2\/pages\/4496","targetHints":{"allow":["GET"]}}],"collection":[{"href":"https:\/\/sandenaftermarket.com\/fr\/wp-json\/wp\/v2\/pages"}],"about":[{"href":"https:\/\/sandenaftermarket.com\/fr\/wp-json\/wp\/v2\/types\/page"}],"author":[{"embeddable":true,"href":"https:\/\/sandenaftermarket.com\/fr\/wp-json\/wp\/v2\/users\/3"}],"replies":[{"embeddable":true,"href":"https:\/\/sandenaftermarket.com\/fr\/wp-json\/wp\/v2\/comments?post=4496"}],"version-history":[{"count":0,"href":"https:\/\/sandenaftermarket.com\/fr\/wp-json\/wp\/v2\/pages\/4496\/revisions"}],"up":[{"embeddable":true,"href":"https:\/\/sandenaftermarket.com\/fr\/wp-json\/wp\/v2\/pages\/1317"}],"wp:attachment":[{"href":"https:\/\/sandenaftermarket.com\/fr\/wp-json\/wp\/v2\/media?parent=4496"}],"curies":[{"name":"wp","href":"https:\/\/api.w.org\/{rel}","templated":true}]}}

Responsabilité sociale des entreprises

Sanden prend au sérieux sa responsabilité environnementale et sociale, et s’engage à promouvoir des activités respectueuses de l’environnement auprès de tous ses employés partout dans le monde.

Téléchargez le rapport

<p><strong>Notre esprit fondateur</strong></p>
<p>S&rsquo;appuyant sur son adage fondateur &lsquo;Développons-nous avec sagesse et prospérons dans l&rsquo;harmonie&rsquo;, Sanden Group poursuit ses efforts pour promouvoir une société plus durable et a fait de&rsquo;l&rsquo;homme&rsquo; et de&rsquo;l&rsquo;environnement&rsquo; les domaines prioritaires de la RSE à viser.</p>
<p><strong>Personne</strong> Sanden Group a veillé à ce que les travailleurs bénéficient de congés, d&rsquo;horaires de travail journaliers réduits, d&rsquo;horaires flexibles et d&rsquo;heures supplémentaires réduites afin de promouvoir un meilleur équilibre entre vie professionnelle et vie privée.</p>
<p><strong>L&rsquo;environnement</strong> Le groupe Sanden développe quatre stratégies écologiques : Technologies écologiques, gestion écologique, processus écologiques et communication écologique. Le groupe Sanden considère la préservation de l&rsquo;environnement mondial comme la responsabilité la plus importante et la plus partagée des personnes dans le monde entier. Conformément à la Charte environnementale de Sanden, Sanden développe des initiatives commerciales qui s&rsquo;harmonisent avec les activités de protection de l&rsquo;environnement dans tous les domaines de sa structure d&rsquo;entreprise.</p>

<p><strong>75ème Anniversaire</strong></p>
<p>Sanden a fêté ses 75 ans d&rsquo;activité en 2018 et envisage avec enthousiasme les 75 années à venir.</p>
<p><strong>Une alliance stratégique</strong> Aujourd&rsquo;hui, le marché des pièces détachées de Sanden s&rsquo;est récemment renforcé grâce à une alliance avec un concurrent et fabricant de compresseurs Unicla, dans le cadre d&rsquo;une campagne innovante visant à fournir des compresseurs de plus grande capacité pour les transports publics, la réfrigération, la marine, l&rsquo;agriculture et les industries minière.</p>

<!-- This site is optimized with the Yoast SEO plugin v27.5 - https://yoast.com/product/yoast-seo-wordpress/ -->
<title>Sanden - Responsabilité sociale des entreprises</title>
<meta name="robots" content="index, follow, max-snippet:-1, max-image-preview:large, max-video-preview:-1" />
<link rel="canonical" href="https://sandenaftermarket.com/fr/about-sanden/corporate-social-responsibility/" />
<meta property="og:locale" content="fr_FR" />
<meta property="og:type" content="article" />
<meta property="og:title" content="Sanden - Responsabilité sociale des entreprises" />
<meta property="og:url" content="https://sandenaftermarket.com/fr/about-sanden/corporate-social-responsibility/" />
<meta property="og:site_name" content="Sanden" />
<meta property="article:modified_time" content="2019-07-24T12:24:37+00:00" />
<meta name="twitter:card" content="summary_large_image" />
<!-- / Yoast SEO plugin. -->

Sanden - Responsabilité sociale des entreprises

À propos de Sanden
